s digit of r?
0
Suppose 0*q + 6*q = -12. What is the tens digit of (-604)/(-8) - (-1)/q?
7
What is the tens digit of 3429/6 - ((-8)/(-16) - -1)?
7
Let n(d) = 7*d**3 - 16*d**2 + 5*d - 9. Let q(y) = 4*y**3 - 8*y**2 + 2*y - 4. Let h(k) = 3*n(k) - 5*q(k). What is the hundreds digit of h(9)?
1
Suppose 0 = -5*j - 9 - 1. What is the units digit of -2*j/4*(5 - -22)?
7
Let c(u) = 3*u - 11. Let i = 4 - -3. Suppose 8*g = i*g + 7. What is the tens digit of c(g)?
1
Let n = -138 + 143. What is the units digit of (-21)/3 + n + 67?
5
Suppose 3*k = f + f - 33, -f + 20 = -5*k. Let m(v) = -f*v + 0 + 2 - 5. What is the tens digit of m(-2)?
2
Let q = -784 + 1844. What is the units digit of q?
0
Suppose 2*v + 1439 = 3*s, -10*s + 12*s + 5*v = 953. What is the units digit of s?
9
Let c be (-2 + (-2)/(-4))*6. What is the units digit of 32 + (-5)/(15/c)?
5
Let x = -31 + 33. Suppose -x*b - 113 = -3*b. What is the tens digit of b?
1
Suppose -33872 = -30*d + 47278. What is the units digit of d?
5
Let f = -5 - -4. Let q = 24 + f. What is the tens digit of q?
2
Let x = 10 + -6. Suppose 65 = w - h, -x*w + 329 = w - h. What is the tens digit of w?
6
Let v(l) be the third derivative of 7*l**4/8 - 5*l**3/6 + 5*l**2. What is the tens digit of v(3)?
5
Let w = -8 + 13. Let q be w*8/(-20)*7. Let p = q + 19. What is the units digit of p?
5
What is the units digit of (-68)/6*(-858)/52?
7
Suppose -3*j - 4*m + 3*m + 1023 = 0, -4*m - 1688 = -5*j. Suppose 0*b - j = -4*u - 2*b, 0 = 4*u + 4*b - 348. What is the tens digit of u?
8
Suppose -3*s = -l - 23, 2*l - 25 = -3*s + l. Suppose -5*k - 2*n = -n - s, 0 = -3*k - n + 4. What is the tens digit of ((-119)/35)/(k/(-10))?
1
Let h(q) = 88*q - 14. What is the units digit of h(3)?
0
Let x(a) = 3 - 31*a + 1 + 21*a. Let t be x(-5). Let l = 109 - t. What is the tens digit of l?
5
Suppose v - 2*v + 4 = 0. Suppose 12 = v*k - 0. Suppose -k*p + 6 = -0. What is the units digit of p?
2
Suppose 33*o = 18*o + 10725. What is the units digit of o?
5
What is the units digit of -12*(2/(-1))/(24/636)?
6
Suppose 4*a + 380 = -4*v + 1244, -5*v + 1080 = 2*a. What is the units digit of v?
6
Let y = -2824 - -4937. What is the hundreds digit of y?
1
Suppose 136 = 2*q + 40. Let v = 35 - -38. Let o = v - q. What is the tens digit of o?
2
Suppose 0*x + 90 = -6*x. What is the tens digit of ((-699)/x + (-4)/(-10))*2?
9
Suppose -3*k = -4*r + 697, 0 = 3*r - 4*k - 704 + 183. What is the units digit of r?
5
Let z(o) = -o**2 - 13*o - 2. Let q be z(-13). What is the tens digit of q/8 + 987/12?
8
Let a be 1*(0 + 1)*(14 - 9). Suppose 2*l - 216 = 2*b, -4*l + a*b - 10*b + 432 = 0. What is the hundreds digit of l?
1
Suppose -3*z - 184 = -4*y - 2*z, -y = z - 41. Let d = -127 + y. Let k = d - -116. What is the tens digit of k?
3
Suppose 3*t = -12, 3*n + 869 = 4*n - 5*t. What is the units digit of n?
9
Suppose 2*k + 2932 + 2138 = 4*s, 5*k + 5 = 0. What is the thousands digit of s?
1
Let m be (-2 - 3/6)*24/(-15). Let d = 30 - -196. Suppose 0 = -m*k + 5*z + 203, -2*k - 3*k = 3*z - d. What is the units digit of k?
7
Suppose 4*b - 9*o - 311 = -4*o, -3*b + 5*o + 232 = 0. What is the tens digit of b - 4/(8/(-10))?
8
Let g(j) be the first derivative of -j**5/60 + j**4/6 - j**3 + 7. Let m(c) be the third derivative of g(c). What is the units digit of m(-9)?
2
Let j be (2/4)/(2/8). Suppose -24 = -3*l - j*y, 0 = 4*l - 5*y + 2*y - 15. Suppose f + 5*x = 5, f = l*f + x - 73. What is the tens digit of f?
1
Suppose -2*z + 2*w - 5*w = -35, 5*w = -z. Suppose -h + 5*b = -z, 3*b - 123 - 24 = -3*h. What is the units digit of h?
5
Let t = 114 + 8. Let y = -45 + t. Suppose 9 = p - 4*k, 5*p - 4*k = -16 + y. What is the units digit of p?
3
Let k(o) = 27*o + 9*o - 15*o - o**2 + 6*o + 8. What is the hundreds digit of k(12)?
1
Suppose -f = -5*f + w - 20, -4*f + 2*w - 20 = 0. What is the tens digit of (-20)/f + 246 + 1?
5
Let t(i) be the third derivative of i**5/30 - i**4/8 - 265*i**2. Let d be 3/(0 + (0 - 1)). What is the units digit of t(d)?
7
Let q = 69 - -180. What is the units digit of q?
9
Let a(p) = 26*p**2 + 39*p + 8. What is the hundreds digit of a(7)?
5
Let q(g) be the first derivative of g**2/2 + g + 1. Let w(u) = -7*u - 29. Let f(l) = 2*q(l) + w(l). What is the tens digit of f(-11)?
2
What is the hundreds digit of (16 - 19 - (1 - 3)) + 192?
1
Suppose 259*q - 265*q + 6234 = 0. What is the tens digit of q?
3
Let r be (-4)/(6/(-3) + 1). Let f be (-2)/(-1) + (0/1)/(-2). Suppose 6*a = -r*u + f*a + 100, -145 = -5*u - a. What is the tens digit of u?
3
Let n(x) = x - 2. Let z be n(5). Suppose 0 = -z*i + 3 + 3. What is the tens digit of (-3 + i)/(2/(-26))?
1
Let n = 245 - -323. What is the units digit of n?
8
What is the hundreds digit of (-4)/20*-25*145?
7
Let l be ((12/(-14))/(-1))/(19/133). Let v(h) = h**3 - 3*h**2 - 6*h - 8. What is the units digit of v(l)?
4
Let j be 1/(-3) - 16/(-3). Suppose -5*n + 2*h = 5*h + 12, 5*n - 8 = 2*h. Suppose n*x - j*x + 20 = 0. What is the units digit of x?
4
Suppose 95071 = 45*g - 39119. What is the thousands digit of g?
2
Let j = 263 + 12. What is the tens digit of j?
7
Let r be 25/15 + 12/9. Suppose 0 = 5*m - 4*k - 118, 14 = m - 5*k + r. What is the tens digit of m?
2
What is the units digit of 2/(6/(-33) - 515/(-2530))?
2
Let c(g) = g**2 + 8*g - 7. Let h be c(-14). Suppose -l + 4*u + h = -0*u, 3*u - 176 = -2*l. Suppose 11*j = 6*j + l. What is the units digit of j?
7
Let x(g) = 2*g**2 - 47*g - 2. What is the units digit of x(-4)?
8
Suppose 39*s - 30263 - 123397 = 0. What is the tens digit of s?
4
Let w(x) = -x**2 - 14*x - 11. Let q be w(-13). Suppose q*u = n - 0*n + 370, 930 = 5*u - 5*n. What is the tens digit of u?
8
Suppose w + 3 = 0, -k = -3*k - 5*w - 41. Let q = 14 + k. Let g(p) = 3*p**3. What is the units digit of g(q)?
3
Suppose 0 = -5*r + 144 + 1. Suppose 2*o - o = r. What is the units digit of o?
9
Let c(b) = -5*b**2 + 2*b + 6*b**2 - b - 219*b**3. What is the hundreds digit of c(-1)?
2
Let d = 36 - -29. Suppose -3*t - 2 = -17. Suppose 0 = 4*r - 4*l - 3 - d, 0 = 3*r + t*l - 91. What is the units digit of r?
2
Let v = -64 - -113. What is the units digit of (17/3)/((v/84)/7)?
8
Suppose -19*w + 3057 + 3346 = 0. What is the units digit of w?
7
Suppose -1092 = g - 4*g. Suppose -91 = 7*s - g. What is the tens digit of s?
3
Suppose -159 = -104*p + 107*p. Let x = -42 - p. What is the units digit of x?
1
Let l(n) = -17 + 8 + 6*n - 4. Suppose -5*q = -4*q - 10. What is the tens digit of l(q)?
4
What is the tens digit of (-68)/85 + (-5)/((-75)/1272)?
8
Let b be 2 - 4*2/(-4). Suppose -b*o = 0, 3*c - 3*o = -5*o + 117. What is the units digit of c?
9
Let h be 706/(-8) - 2/(-8). Let r = -143 + 82. Let y = r - h. What is the tens digit of y?
2
Let z = 82 - 47. Let c be 2/5 + (-14)/z. Suppose -90 = -5*a - 3*y - 2*y, c = -5*y - 20. What is the units digit of a?
2
Let y be -5*(-6)/15 + 240. Let r = y - 101. What is the hundreds digit of r?
1
Suppose -21*y = -23*y + 140. What is the units digit of y?
0
Let a(j) = j**3 + 2*j**2 - 8*j - 4. Let s be a(-3). Suppose 2*f - 3*w - 81 = 0, 0 = -4*f + 6*w - s*w + 151. What is the units digit of f?
9
Let g(r) = r**2 + 3*r - 46. What is the units digit of g(18)?
2
Suppose -73*f + 77*f - 7309 = 3*d, -9144 = -5*f - 4*d. What is the hundreds digit of f?
8
Let b(s) = -s**3 - 3*s**2 - 15*s + 2. Let q be b(-6). What is the hundreds digit of -9*(-3 + q/(-15))?
1
Suppose 6 = 3*k, 3*y - 4*k = 48 - 5. Suppose 18 = x + 10. Let j = y - x. What is the units digit of j?
9
What is the hundreds digit of (-15732)/(-16) - 18/72?
9
Suppose 0*a = -2*u + 2*a + 2, u + 3 = 5*a. Let l = u + -2. Let w = l + 5. What is the units digit of w?
5
Let z be (-12)/(-8)*(-48)/(-9). Let l be (z - 6) + 2 + -4. Suppose -5*s - 52 = -g - 0*s, l = 5*g + 3*s - 148. What is the tens digit of g?
3
Let g be (-12)/(3*(-1 + 0) - -1). Suppose -g*d + 20 = -4. What is the units digit of d?
4
Suppose -15*w = -10*w + 150. Let h = 58 + w. What is the units digit of h?
8
Suppose -5*m + 3*i = -493 - 867, 4*m = 2*i + 1086. What is the hundreds digit of m?
2
Let b be (-6)/3 + (-14)/(-2). Suppose b = -r + 176. Suppose 3*v - r + 36 = 0. What is the units digit of v?
5
Let l = 3949 - 2163. What is the thousands digit of l?
1
Let s = 3 + -14. Let r(n) = -3*n**3 - 30*n**2 + 34*n + 30. Let h(x) = x**3 + 10